nder when 290 is divided by 198?
92
What is the remainder when 4057 is divided by 185?
172
Calculate the remainder when 3456 is divided by 3452.
4
What is the remainder when 1105 is divided by 222?
217
Calculate the remainder when 107 is divided by 18.
17
What is the remainder when 1077 is divided by 49?
48
What is the remainder when 1881 is divided by 933?
15
What is the remainder when 2784 is divided by 82?
78
What is the remainder when 486 is divided by 130?
96
Calculate the remainder when 151 is divided by 26.
21
Calculate the remainder when 747 is divided by 47.
42
Calculate the remainder when 2559 is divided by 128.
127
What is the remainder when 1233 is divided by 395?
48
Calculate the remainder when 7046 is divided by 83.
74
What is the remainder when 2984 is divided by 992?
8
Calculate the remainder when 187 is divided by 63.
61
What is the remainder when 2138 is divided by 67?
61
What is the remainder when 2352 is divided by 159?
126
Calculate the remainder when 128 is divided by 34.
26
Calculate the remainder when 646 is divided by 21.
16
Calculate the remainder when 22 is divided by 4.
2
Calculate the remainder when 319 is divided by 8.
7
Calculate the remainder when 45 is divided by 18.
9
What is the remainder when 134 is divided by 57?
20
What is the remainder when 328 is divided by 9?
4
Calculate the remainder when 839 is divided by 77.
69
Calculate the remainder when 178 is divided by 17.
8
What is the remainder when 137 is divided by 14?
11
Calculate the remainder when 2291 is divided by 8.
3
What is the remainder when 81 is divided by 2?
1
Calculate the remainder when 12052 is divided by 21.
19
Calculate the remainder when 79 is divided by 40.
39
Calculate the remainder when 828 is divided by 70.
58
Calculate the remainder when 17023 is divided by 75.
73
Calculate the remainder when 1389 is divided by 83.
61
Calculate the remainder when 126 is divided by 13.
9
Calculate the remainder when 251 is divided by 7.
6
Calculate the remainder when 57 is divided by 7.
1
What is the remainder when 610 is divided by 17?
15
What is the remainder when 16646 is divided by 150?
146
Calculate the remainder when 463 is divided by 73.
25
What is the remainder when 29 is divided by 10?
9
Calculate the remainder when 736 is divided by 193.
157
Calculate the remainder when 806 is divided by 55.
36
What is the remainder when 376 is divided by 59?
22
What is the remainder when 641 is divided by 173?
122
Calculate the remainder when 87 is divided by 83.
4
What is the remainder when 1156 is divided by 73?
61
What is the remainder when 284 is divided by 48?
44
What is the remainder when 3829 is divided by 83?
11
What is the remainder when 82 is divided by 14?
12
What is the remainder when 239 is divided by 165?
74
What is the remainder when 240 is divided by 81?
78
Calculate the remainder when 43 is divided by 15.
13
Calculate the remainder when 12 is divided by 3.
0
Calculate the remainder when 1053 is divided by 53.
46
Calculate the remainder when 1159 is divided by 53.
46
What is the remainder when 793 is divided by 245?
58
What is the remainder when 366 is divided by 46?
44
Calculate the remainder when 1293 is divided by 14.
5
Calculate the remainder when 5021 is divided by 38.
5
What is the remainder when 389 is divided by 162?
65
What is the remainder when 34 is divided by 10?
4
Calculate the remainder when 991 is divided by 8.
7
Calculate the remainder when 204 is divided by 97.
10
Calculate the remainder when 660 is divided by 29.
22
Calculate the remainder when 4722 is divided by 7.
4
What is the remainder when 317 is divided by 16?
13
Calculate the remainder when 179 is divided by 14.
11
Calculate the remainder when 1707 is divided by 45.
42
Calculate the remainder when 2439 is divided by 37.
34
Calculate the remainder when 1697 is divided by 46.
41
Calculate the remainder when 956 is divided by 11.
10
What is the remainder when 407 is divided by 3?
2
Calculate the remainder when 41 is divided by 26.
15
What is the remainder when 33 is divided by 21?
12
Calculate the remainder when 49103 is divided by 264.
263
Calculate the remainder when 15456 is divided by 5151.
3
Calculate the remainder when 164 is divided by 57.
50
What is the remainder when 367 is divided by 7?
3
What is the remainder when 6 is divided by 4?
2
What is the remainder when 2225 is divided by 19?
2
Calculate the remainder when 547 is divided by 137.
136
Calculate the remainder when 194 is divided by 6.
2
Calculate the remainder when 3525 is divided by 98.
95
What is the remainder when 251 is divided by 17?
13
What is the remainder when 1668 is divided by 549?
21
What is the remainder when 179 is divided by 14?
11
Calculate the remainder when 26 is divided by 13.
0
What is the remainder when 2124 is divided by 125?
124
Calculate the remainder when 1001 is divided by 170.
151
What is the remainder when 1243 is divided by 413?
4
What is the remainder when 959 is divided by 477?
5
What is the remainder when 6513 is divided by 36?
33
What is the remainder when 318 is divided by 18?
12
What is the remainder when 141 is divided by 30?
21
What is the remainder when 79 is divided by 63?
16
What is the remainder when 698 is divided by 55?
38
Calculate the remainder when 20 is divided by 11.
9
What is the remainder when 1495 is divided by 25?
20
What is the remainder when 294 is divided by 31?
15
What is the remainder when 397 is divided by 133?
131
What is the remainder when 1084 is divided by 46?
26
What is the remainder when 204 is divided by 53?
45
Calculate the remainder when 78 is divided by 32.
14
What is the remainder when 4305 is divided by 59?
57
What is the remainder when 883 is divided by 87?
13
Calculate the remainder when 17 is divided by 6.
5
What is the remainder when 184 is divided by 46?
0
Calculate the remainder when 49131 is divided by 57.
54
Calculate the remainder when 133 is divided by 5.
3
Calculate the remainder when 358 is divided by 19.
16
Calculate the remainder when 333 is divided by 84.
81
Calculate the remainder when 7316 is divided by 244.
240
Calculate the remainder when 429 is divided by 25.
4
Calculate the remainder when 2141 is divided by 10.
1
Calculate the remainder when 536 is divided by 213.
110
Calculate the remainder when 20438 is divided by 9.
8
What is the remainder when 97 is divided by 20?
17
Calculate the remainder when 179 is divided by 77.
25
What is the remainder when 37 is divided by 27?
10
What is the remainder when 417 is divided by 127?
36
Calculate the remainder when 1871 is divided by 24.
23
What is the remainder when 184 is divided by 91?
2
Calculate the remainder when 736 is divided by 174.
40
What is the remainder when 104 is divided by 18?
14
Calculate the remainder when 1385 is divided by 63.
62
Calculate the remainder when 99 is divided by 13.
8
Calculate the remainder when 165 is divided by 57.
51
Calculate the remainder when 8123 is divided by 125.
123
Calculate the remainder when 1125 is divided by 367.
24
Calculate the remainder when 909 is divided by 35.
34
What is the remainder when 131 is divided by 70?
61
Calculate the remainder when 369 is divided by 62.
59
What is the remainder when 323 is divided by 27?
26
Calculate the remainder when 472 is divided by 81.
67
Calculate the remainder when 5106 is divided by 70.
66
What is the remainder when 4351 is divided by 18?
13
Calculate the remainder when 1560 is divided by 173.
3
Calculate the remainder when 381 is divided by 8.
5
Calculate the remainder when 962 is divided by 21.
17
What is the remainder when 5607 is divided by 165?
162
What is the remainder when 231 is divided by 57?
3
Calculate the remainder when 271 is divided by 25.
21
Calculate the remainder when 799 is divided by 67.
62
What is the remainder when 240 is divided by 103?
34
What is the remainder when 653 is divided by 57?
26
What is the remainder when 4070 is divided by 314?
302
What is the remainder when 88 is divided by 13?
10
Calculate the remainder when 177 is divided by 68.
41
What is the remainder when 735 is divided by 67?
65
What is the remainder when 75 is divided by 46?
29
Calculate the remainder when 124 is divided by 3.
1
Calculate the remainder when 1329 is divided by 5.
4
What is the